{"id":41,"date":"2018-03-13T04:31:50","date_gmt":"2018-03-13T04:31:50","guid":{"rendered":"http:\/\/agert.de\/?page_id=41"},"modified":"2024-11-21T13:48:55","modified_gmt":"2024-11-21T13:48:55","slug":"macintosh","status":"publish","type":"page","link":"https:\/\/agert.de\/?page_id=41","title":{"rendered":"PC, Linux &amp; Macintosh"},"content":{"rendered":"<p><i>Macintosh &#8211; der bessere Computer?<\/i><\/p>\n<p>&nbsp;<\/p>\n<p>Fr\u00fcher h\u00e4tte ich diese Frage sofort mit \u201eJa\u201c beantwortet. Inzwischen &#8211; nach mehreren \u201eTransitions\u201c wie Apple es nennt &#8211; sei es von MacOS zu OS X, PowerPC zu Intel und wieder zur\u00fcck zu einem eigenen Prozessor &#8211; sehe ich die Sache differenzierter. Jedenfalls ist es sch\u00f6n, wenn die Dinge das tun, wof\u00fcr sie gemacht wurden.<\/p>\n","protected":false},"excerpt":{"rendered":"<p>Macintosh &#8211; der bessere Computer? &nbsp; Fr\u00fcher h\u00e4tte ich diese Frage sofort mit \u201eJa\u201c beantwortet. Inzwischen &#8211; nach mehreren \u201eTransitions\u201c wie Apple es nennt &#8211; sei es von MacOS zu OS X, PowerPC zu Intel und wieder zur\u00fcck zu einem eigenen Prozessor &#8211; sehe ich die Sache differenzierter. Jedenfalls ist es sch\u00f6n, wenn die Dinge [&hellip;]<\/p>\n","protected":false},"author":1,"featured_media":0,"parent":0,"menu_order":0,"comment_status":"closed","ping_status":"closed","template":"","meta":{"footnotes":""},"class_list":["post-41","page","type-page","status-publish","hentry"],"_links":{"self":[{"href":"https:\/\/agert.de\/index.php?rest_route=\/wp\/v2\/pages\/41","targetHints":{"allow":["GET"]}}],"collection":[{"href":"https:\/\/agert.de\/index.php?rest_route=\/wp\/v2\/pages"}],"about":[{"href":"https:\/\/agert.de\/index.php?rest_route=\/wp\/v2\/types\/page"}],"author":[{"embeddable":true,"href":"https:\/\/agert.de\/index.php?rest_route=\/wp\/v2\/users\/1"}],"replies":[{"embeddable":true,"href":"https:\/\/agert.de\/index.php?rest_route=%2Fwp%2Fv2%2Fcomments&post=41"}],"version-history":[{"count":6,"href":"https:\/\/agert.de\/index.php?rest_route=\/wp\/v2\/pages\/41\/revisions"}],"predecessor-version":[{"id":216,"href":"https:\/\/agert.de\/index.php?rest_route=\/wp\/v2\/pages\/41\/revisions\/216"}],"wp:attachment":[{"href":"https:\/\/agert.de\/index.php?rest_route=%2Fwp%2Fv2%2Fmedia&parent=41"}],"curies":[{"name":"wp","href":"https:\/\/api.w.org\/{rel}","templated":true}]}}